{"id":18257,"date":"2025-07-18T14:10:19","date_gmt":"2025-07-18T17:10:19","guid":{"rendered":"http:\/\/45.236.165.191\/~colegio1\/2025\/?page_id=18257"},"modified":"2025-07-22T12:11:30","modified_gmt":"2025-07-22T15:11:30","slug":"18257-2","status":"publish","type":"page","link":"https:\/\/colegiomariareina.cl\/2025\/18257-2\/","title":{"rendered":"Ense\u00f1anza T\u00e9cnico Profesional"},"content":{"rendered":"<p>[et_pb_section fb_built=&#8221;1&#8243; admin_label=&#8221;Join Now Call to Action&#8221; _builder_version=&#8221;4.27.0&#8243; use_background_color_gradient=&#8221;on&#8221; background_color_gradient_direction=&#8221;105deg&#8221; background_color_gradient_stops=&#8221;#00205b 37%|rgba(36, 89, 150, 1) 79%|#448ccb 99%&#8221; background_color_gradient_start=&#8221;#1bb3eb&#8221; background_color_gradient_end=&#8221;#25efcb&#8221; custom_margin=&#8221;||||false|false&#8221; custom_padding=&#8221;40px|0px|40px|0px|false|false&#8221; locked=&#8221;off&#8221; global_colors_info=&#8221;{}&#8221;][et_pb_row _builder_version=&#8221;4.16&#8243; global_colors_info=&#8221;{}&#8221;][et_pb_column type=&#8221;4_4&#8243; _builder_version=&#8221;4.16&#8243; custom_padding=&#8221;|||&#8221; global_colors_info=&#8221;{}&#8221; custom_padding__hover=&#8221;|||&#8221;][et_pb_heading title=&#8221;Ense\u00f1anza T\u00e9cnico Profesional&#8221; _builder_version=&#8221;4.27.0&#8243; _module_preset=&#8221;default&#8221; title_font=&#8221;&#8211;et_global_body_font|600|on|on|||||&#8221; title_text_color=&#8221;#FFFFFF&#8221; title_font_size=&#8221;32px&#8221; global_colors_info=&#8221;{}&#8221;][\/et_pb_heading][et_pb_heading title=&#8221;Comprometidos con formar personas y profesionales.&#8221; _builder_version=&#8221;4.27.0&#8243; _module_preset=&#8221;default&#8221; title_level=&#8221;h4&#8243; title_font=&#8221;&#8211;et_global_body_font|300|on|on|||||&#8221; title_text_color=&#8221;#FFFFFF&#8221; title_font_size=&#8221;24px&#8221; global_colors_info=&#8221;{}&#8221;][\/et_pb_heading][\/et_pb_column][\/et_pb_row][\/et_pb_section][et_pb_section fb_built=&#8221;1&#8243; theme_builder_area=&#8221;post_content&#8221; _builder_version=&#8221;4.27.0&#8243; _module_preset=&#8221;default&#8221; custom_padding=&#8221;0px||0px||false|false&#8221; module_class=&#8221;align-flex&#8221; custom_css_free_form=&#8221;.align-flex {||  display: flex;||  justify-content: space-between;||}&#8221; hover_enabled=&#8221;0&#8243; sticky_enabled=&#8221;0&#8243;][et_pb_row _builder_version=&#8221;4.27.0&#8243; _module_preset=&#8221;default&#8221; theme_builder_area=&#8221;post_content&#8221;][et_pb_column _builder_version=&#8221;4.27.0&#8243; _module_preset=&#8221;default&#8221; type=&#8221;4_4&#8243; theme_builder_area=&#8221;post_content&#8221;][et_pb_menu _builder_version=&#8221;4.27.0&#8243; _module_preset=&#8221;default&#8221; theme_builder_area=&#8221;post_content&#8221; menu_id=&#8221;none&#8221; hover_enabled=&#8221;0&#8243; sticky_enabled=&#8221;0&#8243; menu_style=&#8221;centered&#8221; menu_font=&#8221;|||on|||||&#8221;][\/et_pb_menu][\/et_pb_column][\/et_pb_row][\/et_pb_section][et_pb_section fb_built=&#8221;1&#8243; _builder_version=&#8221;4.27.0&#8243; _module_preset=&#8221;default&#8221; hover_enabled=&#8221;0&#8243; global_colors_info=&#8221;{}&#8221; theme_builder_area=&#8221;post_content&#8221; custom_padding=&#8221;0px||||false|false&#8221; sticky_enabled=&#8221;0&#8243;][et_pb_row column_structure=&#8221;2_5,3_5&#8243; use_custom_gutter=&#8221;on&#8221; gutter_width=&#8221;4&#8243; _builder_version=&#8221;4.27.0&#8243; _module_preset=&#8221;default&#8221; hover_enabled=&#8221;0&#8243; global_colors_info=&#8221;{}&#8221; theme_builder_area=&#8221;post_content&#8221; module_id=&#8221;turismo&#8221; sticky_enabled=&#8221;0&#8243;][et_pb_column type=&#8221;2_5&#8243; _builder_version=&#8221;4.27.0&#8243; _module_preset=&#8221;default&#8221; global_colors_info=&#8221;{}&#8221; theme_builder_area=&#8221;post_content&#8221;][et_pb_video src=&#8221;https:\/\/youtu.be\/c89777dDHV0&#8243; _builder_version=&#8221;4.27.0&#8243; _module_preset=&#8221;default&#8221; theme_builder_area=&#8221;post_content&#8221; hover_enabled=&#8221;0&#8243; sticky_enabled=&#8221;0&#8243;][\/et_pb_video][\/et_pb_column][et_pb_column type=&#8221;3_5&#8243; _builder_version=&#8221;4.27.0&#8243; _module_preset=&#8221;default&#8221; global_colors_info=&#8221;{}&#8221; theme_builder_area=&#8221;post_content&#8221;][et_pb_text _builder_version=&#8221;4.27.0&#8243; _module_preset=&#8221;default&#8221; hover_enabled=&#8221;0&#8243; global_colors_info=&#8221;{}&#8221; theme_builder_area=&#8221;post_content&#8221; sticky_enabled=&#8221;0&#8243;]<\/p>\n<p><span><\/span><\/p>\n<h2><span>T\u00e9cnico en Turismo<\/span><\/h2>\n<h5><span><\/span><\/h5>\n<h5><span>Para el Colegio Mar\u00eda Reina Inmaculada, la formaci\u00f3n de t\u00e9cnicos de Servicios en Turismo responde a la necesidad de una de las industrias que ha experimentado un mayor crecimiento y expansi\u00f3n en Chile, dadas sus caracter\u00edsticas geogr\u00e1ficas, reuniendo excelentes condiciones naturales para el desarrollo del turismo interno y de recepci\u00f3n.<\/span><\/h5>\n<h5><span>Al egresar, nuestros estudiantes se destacan por el desarrollo integral de sus capacidades y valores, siendo profesionales capaces de desempe\u00f1arse en forma independiente y conformando equipos de trabajo que entreguen servicios en el \u00e1mbito tur\u00edstico, asumiendo funciones en la elaboraci\u00f3n de circuitos, entrega de informaci\u00f3n al turista, conducci\u00f3n y animaci\u00f3n de grupos, atenci\u00f3n de agencia de viajes, recreaci\u00f3n y animaci\u00f3n.<\/span><\/h5>\n<p>[\/et_pb_text][\/et_pb_column][\/et_pb_row][et_pb_row column_structure=&#8221;3_5,2_5&#8243; use_custom_gutter=&#8221;on&#8221; gutter_width=&#8221;4&#8243; _builder_version=&#8221;4.27.0&#8243; _module_preset=&#8221;default&#8221; hover_enabled=&#8221;0&#8243; global_colors_info=&#8221;{}&#8221; theme_builder_area=&#8221;post_content&#8221; module_id=&#8221;enfermeria&#8221; sticky_enabled=&#8221;0&#8243;][et_pb_column type=&#8221;3_5&#8243; _builder_version=&#8221;4.27.0&#8243; _module_preset=&#8221;default&#8221; global_colors_info=&#8221;{}&#8221; theme_builder_area=&#8221;post_content&#8221;][et_pb_text _builder_version=&#8221;4.27.0&#8243; _module_preset=&#8221;default&#8221; hover_enabled=&#8221;0&#8243; global_colors_info=&#8221;{}&#8221; theme_builder_area=&#8221;post_content&#8221; sticky_enabled=&#8221;0&#8243;]<\/p>\n<p><span><\/span><\/p>\n<h2><span>Atenci\u00f3n en Enfermer\u00eda<\/span><\/h2>\n<h5><span><\/span><\/h5>\n<h5><span>Para el Colegio Mar\u00eda Reina Inmaculada, la formaci\u00f3n de t\u00e9cnicos de Atenci\u00f3n de Enfermer\u00eda responde a la necesidad de recursos humanos del sistema de salud p\u00fablico y privado, capaces de formar parte de equipos multidisciplinarios en las redes asistenciales de salud de atenci\u00f3n primaria, secundaria y terciaria, como hospitales, cl\u00ednicas, centros de salud familiar, hogares de ancianos entre otros.<\/span><\/h5>\n<h5><span>Al egresar, nuestros estudiantes se destacan por el desarrollo integral de sus capacidades y valores, como el trabajo en equipo, el respeto y la igualdad. Adem\u00e1s, cuentan con las herramientas necesarias para la inserci\u00f3n laboral y la relaci\u00f3n con sus pares. Realizando las tareas designadas de manera prolija, cumpliendo los plazos establecidos y est\u00e1ndares de calidad, considerando alternativas y soluciones a los problemas que se presentan.<\/span><\/h5>\n<p>[\/et_pb_text][\/et_pb_column][et_pb_column type=&#8221;2_5&#8243; _builder_version=&#8221;4.27.0&#8243; _module_preset=&#8221;default&#8221; global_colors_info=&#8221;{}&#8221; theme_builder_area=&#8221;post_content&#8221;][et_pb_video src=&#8221;https:\/\/youtu.be\/hK0DmpPMkSk&#8221; _builder_version=&#8221;4.27.0&#8243; _module_preset=&#8221;default&#8221; theme_builder_area=&#8221;post_content&#8221; hover_enabled=&#8221;0&#8243; sticky_enabled=&#8221;0&#8243;][\/et_pb_video][\/et_pb_column][\/et_pb_row][et_pb_row column_structure=&#8221;2_5,3_5&#8243; use_custom_gutter=&#8221;on&#8221; gutter_width=&#8221;4&#8243; _builder_version=&#8221;4.27.0&#8243; _module_preset=&#8221;default&#8221; hover_enabled=&#8221;0&#8243; global_colors_info=&#8221;{}&#8221; theme_builder_area=&#8221;post_content&#8221; module_id=&#8221;madera&#8221; sticky_enabled=&#8221;0&#8243;][et_pb_column type=&#8221;2_5&#8243; _builder_version=&#8221;4.27.0&#8243; _module_preset=&#8221;default&#8221; global_colors_info=&#8221;{}&#8221; theme_builder_area=&#8221;post_content&#8221;][et_pb_video src=&#8221;https:\/\/youtu.be\/mtBkizAvrYc&#8221; _builder_version=&#8221;4.27.0&#8243; _module_preset=&#8221;default&#8221; theme_builder_area=&#8221;post_content&#8221; hover_enabled=&#8221;0&#8243; sticky_enabled=&#8221;0&#8243;][\/et_pb_video][\/et_pb_column][et_pb_column type=&#8221;3_5&#8243; _builder_version=&#8221;4.27.0&#8243; _module_preset=&#8221;default&#8221; global_colors_info=&#8221;{}&#8221; theme_builder_area=&#8221;post_content&#8221;][et_pb_text _builder_version=&#8221;4.27.0&#8243; _module_preset=&#8221;default&#8221; hover_enabled=&#8221;0&#8243; global_colors_info=&#8221;{}&#8221; theme_builder_area=&#8221;post_content&#8221; sticky_enabled=&#8221;0&#8243;]<\/p>\n<p><span><\/span><\/p>\n<h2><span>Muebles y Terminaciones en Madera<\/span><\/h2>\n<h5><span><\/span><\/h5>\n<h5><span>La especialidad de Muebles y Terminaciones en Madera del Colegio Mar\u00eda Reina Inmaculada, promueve la participaci\u00f3n activa del sector productivo en el proceso educativo de los estudiantes, mediante pr\u00e1cticas formativas y actividades de aprendizaje en las empresas durante el proceso y su egreso respectivo.<\/span><\/h5>\n<h5><span>En esta especialidad, los m\u00f3dulos est\u00e1n orientados a conocer aspectos b\u00e1sicos del ejercicio profesional, como el abastecimiento y despacho de materiales; guiando a los estudiantes en la producci\u00f3n e instalaci\u00f3n de muebles, desde el armado de estructuras, hasta emprender iniciativas en sus lugares de trabajo, utilizando eficientemente los insumos para los procesos productivos disponiendo cuidadosamente los desechos, en una perspectiva de eficiencia energ\u00e9tica y cuidado ambiental.<\/span><\/h5>\n<p>[\/et_pb_text][\/et_pb_column][\/et_pb_row][et_pb_row column_structure=&#8221;3_5,2_5&#8243; use_custom_gutter=&#8221;on&#8221; gutter_width=&#8221;4&#8243; _builder_version=&#8221;4.27.0&#8243; _module_preset=&#8221;default&#8221; hover_enabled=&#8221;0&#8243; global_colors_info=&#8221;{}&#8221; theme_builder_area=&#8221;post_content&#8221; sticky_enabled=&#8221;0&#8243; module_id=&#8221;electronica&#8221;][et_pb_column type=&#8221;3_5&#8243; _builder_version=&#8221;4.27.0&#8243; _module_preset=&#8221;default&#8221; global_colors_info=&#8221;{}&#8221; theme_builder_area=&#8221;post_content&#8221;][et_pb_text _builder_version=&#8221;4.27.0&#8243; _module_preset=&#8221;default&#8221; hover_enabled=&#8221;0&#8243; global_colors_info=&#8221;{}&#8221; theme_builder_area=&#8221;post_content&#8221; sticky_enabled=&#8221;0&#8243;]<\/p>\n<p><span><\/span><\/p>\n<h2><span>Electr\u00f3nica<\/span><\/h2>\n<h5><span><\/span><\/h5>\n<h5><span>La Electr\u00f3nica, en su jerarqu\u00eda ocupacional, opera con altos est\u00e1ndares de calidad y funcionalidad de los productos. En nuestro pa\u00eds, al ser importador de productos electr\u00f3nicos de consumo masivo, han surgido necesidades internas en aquellos sectores de actividades de gran dinamismo, como la miner\u00eda, transporte y las telecomunicaciones.<\/span><\/h5>\n<h5><span>As\u00ed, el Colegio Mar\u00eda Reina Inmaculada, mediante la formaci\u00f3n de T\u00e9cnicos en Electr\u00f3nica, busca promover el an\u00e1lisis, operaci\u00f3n, mantenimiento y configuraci\u00f3n de equipos, de sistemas el\u00e9ctricos o electr\u00f3nicos, basados en tecnolog\u00edas an\u00e1logas, digitales, de control, de automatizaci\u00f3n y de potencias, como una base para su inserci\u00f3n laboral, en distintas \u00e1reas de la industria.<\/span><\/h5>\n<p>[\/et_pb_text][\/et_pb_column][et_pb_column type=&#8221;2_5&#8243; _builder_version=&#8221;4.27.0&#8243; _module_preset=&#8221;default&#8221; global_colors_info=&#8221;{}&#8221; theme_builder_area=&#8221;post_content&#8221;][et_pb_video src=&#8221;https:\/\/youtu.be\/BvjN1hXrzLo&#8221; _builder_version=&#8221;4.27.0&#8243; _module_preset=&#8221;default&#8221; theme_builder_area=&#8221;post_content&#8221; hover_enabled=&#8221;0&#8243; sticky_enabled=&#8221;0&#8243;][\/et_pb_video][\/et_pb_column][\/et_pb_row][\/et_pb_section]<\/p>\n","protected":false},"excerpt":{"rendered":"<p>T\u00e9cnico en Turismo Para el Colegio Mar\u00eda Reina Inmaculada, la formaci\u00f3n de t\u00e9cnicos de Servicios en Turismo responde a la necesidad de una de las industrias que ha experimentado un mayor crecimiento y expansi\u00f3n en Chile, dadas sus caracter\u00edsticas geogr\u00e1ficas, reuniendo excelentes condiciones naturales para el desarrollo del turismo interno y de recepci\u00f3n. Al egresar, [&hellip;]<\/p>\n","protected":false},"author":1,"featured_media":0,"parent":0,"menu_order":0,"comment_status":"closed","ping_status":"closed","template":"","meta":{"_et_pb_use_builder":"on","_et_pb_old_content":"","_et_gb_content_width":"","footnotes":""},"class_list":["post-18257","page","type-page","status-publish","hentry"],"_links":{"self":[{"href":"https:\/\/colegiomariareina.cl\/2025\/wp-json\/wp\/v2\/pages\/18257","targetHints":{"allow":["GET"]}}],"collection":[{"href":"https:\/\/colegiomariareina.cl\/2025\/wp-json\/wp\/v2\/pages"}],"about":[{"href":"https:\/\/colegiomariareina.cl\/2025\/wp-json\/wp\/v2\/types\/page"}],"author":[{"embeddable":true,"href":"https:\/\/colegiomariareina.cl\/2025\/wp-json\/wp\/v2\/users\/1"}],"replies":[{"embeddable":true,"href":"https:\/\/colegiomariareina.cl\/2025\/wp-json\/wp\/v2\/comments?post=18257"}],"version-history":[{"count":5,"href":"https:\/\/colegiomariareina.cl\/2025\/wp-json\/wp\/v2\/pages\/18257\/revisions"}],"predecessor-version":[{"id":18312,"href":"https:\/\/colegiomariareina.cl\/2025\/wp-json\/wp\/v2\/pages\/18257\/revisions\/18312"}],"wp:attachment":[{"href":"https:\/\/colegiomariareina.cl\/2025\/wp-json\/wp\/v2\/media?parent=18257"}],"curies":[{"name":"wp","href":"https:\/\/api.w.org\/{rel}","templated":true}]}}