{"id":570,"date":"2013-07-22T02:52:09","date_gmt":"2013-07-22T02:52:09","guid":{"rendered":"http:\/\/colegiomariareina.cl\/2013\/?page_id=570"},"modified":"2025-07-21T13:00:15","modified_gmt":"2025-07-21T16:00:15","slug":"pastoral","status":"publish","type":"page","link":"https:\/\/colegiomariareina.cl\/2025\/pastoral\/","title":{"rendered":"Pastoral"},"content":{"rendered":"<p>[et_pb_section fb_built=&#8221;1&#8243; admin_label=&#8221;Join Now Call to Action&#8221; _builder_version=&#8221;4.27.0&#8243; use_background_color_gradient=&#8221;on&#8221; background_color_gradient_direction=&#8221;105deg&#8221; background_color_gradient_stops=&#8221;#00205b 37%|rgba(36, 89, 150, 1) 79%|#448ccb 99%&#8221; background_color_gradient_start=&#8221;#1bb3eb&#8221; background_color_gradient_end=&#8221;#25efcb&#8221; custom_margin=&#8221;||||false|false&#8221; custom_padding=&#8221;40px|0px|40px|0px|false|false&#8221; locked=&#8221;off&#8221; global_colors_info=&#8221;{}&#8221; theme_builder_area=&#8221;post_content&#8221;][et_pb_row _builder_version=&#8221;4.16&#8243; global_colors_info=&#8221;{}&#8221; theme_builder_area=&#8221;post_content&#8221;][et_pb_column type=&#8221;4_4&#8243; _builder_version=&#8221;4.16&#8243; custom_padding=&#8221;|||&#8221; global_colors_info=&#8221;{}&#8221; custom_padding__hover=&#8221;|||&#8221; theme_builder_area=&#8221;post_content&#8221;][et_pb_heading title=&#8221;Pastoral&#8221; _builder_version=&#8221;4.27.0&#8243; _module_preset=&#8221;default&#8221; title_font=&#8221;&#8211;et_global_body_font|600|on|on|||||&#8221; title_text_color=&#8221;#FFFFFF&#8221; title_font_size=&#8221;32px&#8221; hover_enabled=&#8221;0&#8243; global_colors_info=&#8221;{}&#8221; theme_builder_area=&#8221;post_content&#8221; sticky_enabled=&#8221;0&#8243;][\/et_pb_heading][et_pb_heading title=&#8221;Un espacio para crecer en la fe y en valores.&#8221; _builder_version=&#8221;4.27.0&#8243; _module_preset=&#8221;default&#8221; title_level=&#8221;h4&#8243; title_font=&#8221;&#8211;et_global_body_font|300|on|on|||||&#8221; title_text_color=&#8221;#FFFFFF&#8221; title_font_size=&#8221;24px&#8221; hover_enabled=&#8221;0&#8243; global_colors_info=&#8221;{}&#8221; theme_builder_area=&#8221;post_content&#8221; sticky_enabled=&#8221;0&#8243;][\/et_pb_heading][\/et_pb_column][\/et_pb_row][\/et_pb_section][et_pb_section fb_built=&#8221;1&#8243; _builder_version=&#8221;4.27.0&#8243; _module_preset=&#8221;default&#8221; global_colors_info=&#8221;{}&#8221; theme_builder_area=&#8221;post_content&#8221;][et_pb_row column_structure=&#8221;2_5,3_5&#8243; use_custom_gutter=&#8221;on&#8221; gutter_width=&#8221;4&#8243; _builder_version=&#8221;4.27.0&#8243; _module_preset=&#8221;default&#8221; global_colors_info=&#8221;{}&#8221; theme_builder_area=&#8221;post_content&#8221;][et_pb_column type=&#8221;2_5&#8243; _builder_version=&#8221;4.27.0&#8243; _module_preset=&#8221;default&#8221; global_colors_info=&#8221;{}&#8221; theme_builder_area=&#8221;post_content&#8221;][et_pb_image src=&#8221;http:\/\/45.236.165.191\/~colegio1\/2025\/wp-content\/uploads\/2019\/01\/1.png&#8221; _builder_version=&#8221;4.27.0&#8243; _module_preset=&#8221;default&#8221; hover_enabled=&#8221;0&#8243; global_colors_info=&#8221;{}&#8221; theme_builder_area=&#8221;post_content&#8221; title_text=&#8221;1&#8243; sticky_enabled=&#8221;0&#8243;][\/et_pb_image][\/et_pb_column][et_pb_column type=&#8221;3_5&#8243; _builder_version=&#8221;4.27.0&#8243; _module_preset=&#8221;default&#8221; global_colors_info=&#8221;{}&#8221; theme_builder_area=&#8221;post_content&#8221;][et_pb_text _builder_version=&#8221;4.27.0&#8243; _module_preset=&#8221;default&#8221; global_colors_info=&#8221;{}&#8221; theme_builder_area=&#8221;post_content&#8221;]<\/p>\n<p><span><\/span><\/p>\n<h5><\/h5>\n<h5>La pastoral de nuestro establecimiento est\u00e1 conformada por la Direcci\u00f3n del Colegio, siete docentes de los distintos ciclos (b\u00e1sica, media y t\u00e9cnico profesional), un representante de los no docentes, dos Hermanas de la comunidad y dos representantes del Equipo Directivo.<\/h5>\n<h5>Para cumplir nuestra misi\u00f3n pastoral nos proponemos el siguiente objetivo general:<\/h5>\n<h5>Hacer de nuestras obras educativas plataformas de evangelizaci\u00f3n y lugares privilegiados de transmisi\u00f3n del carisma que hagan visibles las se\u00f1ales del Reino.<\/h5>\n<h5>Formar hombres y mujeres que se impliquen responsablemente en la sociedad y se integren activamente en la comunidad cristiana.<\/h5>\n<p>[\/et_pb_text][\/et_pb_column][\/et_pb_row][et_pb_row _builder_version=&#8221;4.27.0&#8243; _module_preset=&#8221;default&#8221; theme_builder_area=&#8221;post_content&#8221; column_structure=&#8221;1_4,1_4,1_4,1_4&#8243; use_custom_gutter=&#8221;on&#8221; gutter_width=&#8221;2&#8243; hover_enabled=&#8221;0&#8243; sticky_enabled=&#8221;0&#8243;][et_pb_column _builder_version=&#8221;4.27.0&#8243; _module_preset=&#8221;default&#8221; type=&#8221;1_4&#8243; theme_builder_area=&#8221;post_content&#8221;][et_pb_image src=&#8221;http:\/\/45.236.165.191\/~colegio1\/2025\/wp-content\/uploads\/2019\/01\/2.png&#8221; _builder_version=&#8221;4.27.0&#8243; _module_preset=&#8221;default&#8221; theme_builder_area=&#8221;post_content&#8221; title_text=&#8221;2&#8243; hover_enabled=&#8221;0&#8243; sticky_enabled=&#8221;0&#8243;][\/et_pb_image][et_pb_text _builder_version=&#8221;4.27.0&#8243; _module_preset=&#8221;default&#8221; theme_builder_area=&#8221;post_content&#8221; hover_enabled=&#8221;0&#8243; sticky_enabled=&#8221;0&#8243;]<\/p>\n<h5>La Pastoral Infancia Misionera del Colegio Mar\u00eda Reina Inmaculada de\u00a0 Isla de Maipo, tiene por objetivo el promover las vocaciones misioneras, motivando a los ni\u00f1os y ni\u00f1as a compartir su fe y ayudar a los ni\u00f1os m\u00e1s pobres del mundo.<\/h5>\n<h5>Esta pastoral infantil, est\u00e1 enfocada en trabajar con ni\u00f1os y ni\u00f1as de 1\u00b0 a 6\u00b0 b\u00e1sico.<\/h5>\n<p>[\/et_pb_text][\/et_pb_column][et_pb_column _builder_version=&#8221;4.27.0&#8243; _module_preset=&#8221;default&#8221; type=&#8221;1_4&#8243; theme_builder_area=&#8221;post_content&#8221;][et_pb_image src=&#8221;http:\/\/45.236.165.191\/~colegio1\/2025\/wp-content\/uploads\/2019\/01\/3.png&#8221; _builder_version=&#8221;4.27.0&#8243; _module_preset=&#8221;default&#8221; theme_builder_area=&#8221;post_content&#8221; title_text=&#8221;3&#8243; hover_enabled=&#8221;0&#8243; sticky_enabled=&#8221;0&#8243;][\/et_pb_image][et_pb_text _builder_version=&#8221;4.27.0&#8243; _module_preset=&#8221;default&#8221; theme_builder_area=&#8221;post_content&#8221; hover_enabled=&#8221;0&#8243; sticky_enabled=&#8221;0&#8243;]<\/p>\n<h5>La Pastoral Juvenil del Colegio Mar\u00eda Reina Inmaculada de Isla de Maipo, tiene como objetivo el acompa\u00f1ar a los j\u00f3venes en su proceso de maduraci\u00f3n humana y cristiana para llevarlos a una actitud de disponibilidad, dej\u00e1ndose cuestionar en su estilo de vida por Jes\u00fas.<\/h5>\n<h5>Esta pastoral juvenil, est\u00e1 enfocada en trabajar con j\u00f3venes de 7\u00b0 b\u00e1sico a 4\u00b0 medio.<\/h5>\n<p>[\/et_pb_text][\/et_pb_column][et_pb_column _builder_version=&#8221;4.27.0&#8243; _module_preset=&#8221;default&#8221; type=&#8221;1_4&#8243; theme_builder_area=&#8221;post_content&#8221;][et_pb_image src=&#8221;http:\/\/45.236.165.191\/~colegio1\/2025\/wp-content\/uploads\/2019\/01\/4.png&#8221; _builder_version=&#8221;4.27.0&#8243; _module_preset=&#8221;default&#8221; theme_builder_area=&#8221;post_content&#8221; title_text=&#8221;4&#8243; hover_enabled=&#8221;0&#8243; sticky_enabled=&#8221;0&#8243;][\/et_pb_image][et_pb_text _builder_version=&#8221;4.27.0&#8243; _module_preset=&#8221;default&#8221; theme_builder_area=&#8221;post_content&#8221; hover_enabled=&#8221;0&#8243; sticky_enabled=&#8221;0&#8243;]<\/p>\n<h5>La Pastoral Familiar del Colegio Mar\u00eda Reina de Isla de Maipo, tiene por objetivo el promover y acompa\u00f1ar a las familias creando un espacio de encuentro para reflexionar, rezar y compartir la vida cotidiana a la luz del Evangelio.<\/h5>\n<h5>Esta pastoral, est\u00e1 enfocada en trabajar con Padres, Madres, Apoderados y Familias pertenecientes a la Comunidad Educativa.<\/h5>\n<p>[\/et_pb_text][\/et_pb_column][et_pb_column _builder_version=&#8221;4.27.0&#8243; _module_preset=&#8221;default&#8221; type=&#8221;1_4&#8243; theme_builder_area=&#8221;post_content&#8221;][et_pb_image src=&#8221;http:\/\/45.236.165.191\/~colegio1\/2025\/wp-content\/uploads\/2019\/01\/5.png&#8221; _builder_version=&#8221;4.27.0&#8243; _module_preset=&#8221;default&#8221; theme_builder_area=&#8221;post_content&#8221; title_text=&#8221;5&#8243; hover_enabled=&#8221;0&#8243; sticky_enabled=&#8221;0&#8243;][\/et_pb_image][et_pb_text _builder_version=&#8221;4.27.0&#8243; _module_preset=&#8221;default&#8221; theme_builder_area=&#8221;post_content&#8221; hover_enabled=&#8221;0&#8243; sticky_enabled=&#8221;0&#8243;]<\/p>\n<h5>La Pastoral Solidaria del Colegio Mar\u00eda Reina de Isla de Maipo, tiene por objetivo el promover y favorecer en su comunidad educativa el encuentro con Jes\u00fas a trav\u00e9s de la oraci\u00f3n y acciones solidarias.<\/h5>\n<h5>Esta pastoral,\u00a0est\u00e1 enfocada en trabajar con las familias m\u00e1s necesitadas de la Comunidad Educativa.<\/h5>\n<p>[\/et_pb_text][\/et_pb_column][\/et_pb_row][\/et_pb_section]<\/p>\n","protected":false},"excerpt":{"rendered":"<p>La pastoral de nuestro establecimiento est\u00e1 conformada por la Direcci\u00f3n del Colegio, siete docentes de los distintos ciclos (b\u00e1sica, media y t\u00e9cnico profesional), un representante de los no docentes, dos Hermanas de la comunidad y dos representantes del Equipo Directivo. Para cumplir nuestra misi\u00f3n pastoral nos proponemos el siguiente objetivo general: Hacer de nuestras obras [&hellip;]<\/p>\n","protected":false},"author":1,"featured_media":0,"parent":0,"menu_order":0,"comment_status":"open","ping_status":"open","template":"","meta":{"_et_pb_use_builder":"on","_et_pb_old_content":"\r\n<h5><a href=\"http:\/\/www.colegiomariareina.cl\/web\/wp-content\/uploads\/2019\/01\/1.png\"><img class=\"wp-image-12832 aligncenter\" src=\"http:\/\/www.colegiomariareina.cl\/web\/wp-content\/uploads\/2019\/01\/1-1024x493.png\" alt=\"\" width=\"750\" height=\"361\" \/><\/a><\/h5>\r\n\r\n<hr \/>\r\n\r\n<h5><\/h5>\r\n<h5>La pastoral de nuestro establecimiento est\u00e1 conformada por la Direcci\u00f3n del Colegio, siete docentes de los distintos ciclos (b\u00e1sica, media y t\u00e9cnico profesional), un representante de los no docentes, dos Hermanas de la comunidad y dos representantes del Equipo Directivo.<\/h5>\r\n<h5>Para cumplir nuestra misi\u00f3n pastoral nos proponemos el siguiente objetivo general:<\/h5>\r\n<h5>Hacer de nuestras obras educativas plataformas de evangelizaci\u00f3n y lugares privilegiados de transmisi\u00f3n del carisma que hagan visibles las se\u00f1ales del Reino.<\/h5>\r\n<h5>Formar hombres y mujeres que se impliquen responsablemente en la sociedad y se integren activamente en la comunidad cristiana.<\/h5>\r\n\r\n<hr \/>\r\n\r\n<h4>ORACI\u00d3N COMUNIDADES 2021<\/h4>\r\n<a href=\"http:\/\/www.colegiomariareina.cl\/web\/wp-content\/uploads\/2021\/04\/Caminando-en-familia-junto-a-Jes\u00fas-Resucitado.pdf\"><img class=\"alignleft wp-image-15465 size-medium\" src=\"http:\/\/www.colegiomariareina.cl\/web\/wp-content\/uploads\/2021\/04\/320x310-JUNTO-A-JES\u00daS-RESUCITADO-300x169.png\" alt=\"\" width=\"300\" height=\"169\" \/><\/a><a href=\"http:\/\/www.colegiomariareina.cl\/web\/wp-content\/uploads\/2021\/04\/ORACI\u00d3N-COMUNIDADES-5-11-DE-ABRIL.pdf\"><img class=\"alignleft wp-image-15461 size-medium\" src=\"http:\/\/www.colegiomariareina.cl\/web\/wp-content\/uploads\/2021\/04\/320x310-PORTADA-ORACI\u00d3N-300x169.png\" alt=\"\" width=\"300\" height=\"169\" \/><\/a>\r\n\r\n<a href=\"http:\/\/www.colegiomariareina.cl\/web\/wp-content\/uploads\/2021\/04\/oraciones-del-12-al-15-de-abril.pdf\"><img class=\"alignleft wp-image-15486 size-medium\" src=\"http:\/\/www.colegiomariareina.cl\/web\/wp-content\/uploads\/2021\/04\/320x310-ORACI\u00d3N-COMUNIDADES-DEL-12-AL-18-04-300x169.png\" alt=\"\" width=\"300\" height=\"169\" \/><\/a>\r\n\r\n&nbsp;\r\n\r\n&nbsp;\r\n\r\n&nbsp;\r\n\r\n&nbsp;\r\n\r\n&nbsp;\r\n\r\n<a href=\"http:\/\/www.colegiomariareina.cl\/web\/wp-content\/uploads\/2021\/05\/Oraci\u00f3n-comunidades.-05-de-mayo.pdf\"><img class=\"alignleft wp-image-15556\" src=\"http:\/\/www.colegiomariareina.cl\/web\/wp-content\/uploads\/2021\/05\/320x310-5-al-12.png\" alt=\"\" width=\"300\" height=\"169\" \/><\/a><a href=\"http:\/\/www.colegiomariareina.cl\/web\/wp-content\/uploads\/2021\/05\/oraci\u00f3n-comunidades12-de-mayo.pdf\"><img class=\"alignleft wp-image-15558\" src=\"http:\/\/www.colegiomariareina.cl\/web\/wp-content\/uploads\/2021\/05\/320x310-12-al-19.png\" alt=\"\" width=\"300\" height=\"169\" \/><\/a> <a href=\"http:\/\/www.colegiomariareina.cl\/web\/wp-content\/uploads\/2021\/06\/oraci\u00f3n-comunidades-24-al-28-de-mayo.pdf\"><img class=\"alignleft wp-image-15638\" src=\"http:\/\/www.colegiomariareina.cl\/web\/wp-content\/uploads\/2021\/06\/320x310-24-28-MAY.png\" alt=\"\" width=\"300\" height=\"169\" \/><\/a><a href=\"http:\/\/www.colegiomariareina.cl\/web\/wp-content\/uploads\/2021\/06\/Oraci\u00f3n-del-31-de-mayo-al-04-de-junio.pdf\"><img class=\"alignleft wp-image-15639 size-medium\" src=\"http:\/\/www.colegiomariareina.cl\/web\/wp-content\/uploads\/2021\/06\/320x310-31-4-JUN-300x169.png\" alt=\"\" width=\"300\" height=\"169\" \/><\/a>\r\n\r\n&nbsp;\r\n\r\n&nbsp;\r\n\r\n&nbsp;\r\n\r\n&nbsp;\r\n\r\n<a href=\"http:\/\/www.colegiomariareina.cl\/web\/wp-content\/uploads\/2021\/06\/Oraci\u00f3n-comunidades-07-al-11.png\"><img class=\"alignleft wp-image-15680 size-medium\" src=\"http:\/\/www.colegiomariareina.cl\/web\/wp-content\/uploads\/2021\/06\/PORTADA-Oraci\u00f3n-comunidades-07-al-11-300x169.png\" alt=\"\" width=\"300\" height=\"169\" \/><\/a><a href=\"http:\/\/www.colegiomariareina.cl\/web\/wp-content\/uploads\/2021\/06\/Oraci\u00f3n-comunidades-14-al-18.png\"><img class=\"alignleft wp-image-15681 size-medium\" src=\"http:\/\/www.colegiomariareina.cl\/web\/wp-content\/uploads\/2021\/06\/PORTADA-Oraci\u00f3n-comunidades-14-al-18-300x169.png\" alt=\"\" width=\"300\" height=\"169\" \/><\/a><a href=\"http:\/\/www.colegiomariareina.cl\/web\/wp-content\/uploads\/2021\/06\/Oraci\u00f3n-de-22-al-25-de-junio.png\"><img class=\"alignleft wp-image-15682 size-medium\" src=\"http:\/\/www.colegiomariareina.cl\/web\/wp-content\/uploads\/2021\/06\/PORTADA-Oraci\u00f3n-de-22-al-25-de-junio-300x169.png\" alt=\"\" width=\"300\" height=\"169\" \/><\/a>\r\n\r\n&nbsp;\r\n\r\n&nbsp;\r\n\r\n&nbsp;\r\n\r\n&nbsp;\r\n\r\n<a href=\"http:\/\/www.colegiomariareina.cl\/web\/wp-content\/uploads\/2021\/08\/Oraci\u00f3n-Comunidades-26-30.png\"><img class=\"alignleft wp-image-15761 size-medium\" src=\"http:\/\/www.colegiomariareina.cl\/web\/wp-content\/uploads\/2021\/08\/320x310-26-30-07-300x169.png\" alt=\"\" width=\"300\" height=\"169\" \/><\/a>\r\n\r\n&nbsp;\r\n\r\n<a href=\"http:\/\/www.colegiomariareina.cl\/web\/wp-content\/uploads\/2021\/08\/Oraci\u00f3n-del-02-al-06-de-agosto.png\"><img class=\"alignleft wp-image-15764 size-medium\" src=\"http:\/\/www.colegiomariareina.cl\/web\/wp-content\/uploads\/2021\/08\/320x310-02-06-08-300x169.png\" alt=\"\" width=\"300\" height=\"169\" \/><\/a>\r\n\r\n&nbsp;\r\n\r\n&nbsp;\r\n\r\n&nbsp;\r\n\r\n&nbsp;\r\n\r\n&nbsp;\r\n\r\n&nbsp;\r\n\r\n<a href=\"http:\/\/www.colegiomariareina.cl\/web\/wp-content\/uploads\/2021\/08\/oraci\u00f3n-comunidades.png\"><img class=\"alignleft wp-image-15825 size-medium\" src=\"http:\/\/www.colegiomariareina.cl\/web\/wp-content\/uploads\/2021\/08\/320x310-SEMANA-9-13-300x169.png\" alt=\"\" width=\"300\" height=\"169\" \/><\/a>\r\n\r\n<a href=\"http:\/\/www.colegiomariareina.cl\/web\/wp-content\/uploads\/2021\/08\/Oraci\u00f3n-comunidades-2.png\"><img class=\"alignleft wp-image-15827 size-medium\" src=\"http:\/\/www.colegiomariareina.cl\/web\/wp-content\/uploads\/2021\/08\/320x310-SEMANA-23-27-300x169.png\" alt=\"\" width=\"300\" height=\"169\" \/><\/a>\r\n\r\n&nbsp;\r\n\r\n&nbsp;\r\n\r\n&nbsp;\r\n\r\n&nbsp;\r\n\r\n&nbsp;\r\n\r\n&nbsp;\r\n\r\n&nbsp;\r\n\r\n<hr \/>\r\n\r\n<h4>Estas Oraciones se van actualizando cada semana.<\/h4>\r\n","_et_gb_content_width":"","footnotes":""},"class_list":["post-570","page","type-page","status-publish","hentry"],"_links":{"self":[{"href":"https:\/\/colegiomariareina.cl\/2025\/wp-json\/wp\/v2\/pages\/570","targetHints":{"allow":["GET"]}}],"collection":[{"href":"https:\/\/colegiomariareina.cl\/2025\/wp-json\/wp\/v2\/pages"}],"about":[{"href":"https:\/\/colegiomariareina.cl\/2025\/wp-json\/wp\/v2\/types\/page"}],"author":[{"embeddable":true,"href":"https:\/\/colegiomariareina.cl\/2025\/wp-json\/wp\/v2\/users\/1"}],"replies":[{"embeddable":true,"href":"https:\/\/colegiomariareina.cl\/2025\/wp-json\/wp\/v2\/comments?post=570"}],"version-history":[{"count":34,"href":"https:\/\/colegiomariareina.cl\/2025\/wp-json\/wp\/v2\/pages\/570\/revisions"}],"predecessor-version":[{"id":18265,"href":"https:\/\/colegiomariareina.cl\/2025\/wp-json\/wp\/v2\/pages\/570\/revisions\/18265"}],"wp:attachment":[{"href":"https:\/\/colegiomariareina.cl\/2025\/wp-json\/wp\/v2\/media?parent=570"}],"curies":[{"name":"wp","href":"https:\/\/api.w.org\/{rel}","templated":true}]}}