{"id":701,"date":"2013-10-06T19:46:50","date_gmt":"2013-10-06T19:46:50","guid":{"rendered":"http:\/\/colegiomariareina.cl\/2013\/?page_id=701"},"modified":"2025-07-21T13:06:55","modified_gmt":"2025-07-21T16:06:55","slug":"laicos-josefinos","status":"publish","type":"page","link":"https:\/\/colegiomariareina.cl\/2025\/laicos-josefinos\/","title":{"rendered":"Laicos Josefinos"},"content":{"rendered":"<p>[et_pb_section fb_built=&#8221;1&#8243; admin_label=&#8221;Join Now Call to Action&#8221; _builder_version=&#8221;4.27.0&#8243; use_background_color_gradient=&#8221;on&#8221; background_color_gradient_direction=&#8221;105deg&#8221; background_color_gradient_stops=&#8221;#00205b 37%|rgba(36, 89, 150, 1) 79%|#448ccb 99%&#8221; background_color_gradient_start=&#8221;#1bb3eb&#8221; background_color_gradient_end=&#8221;#25efcb&#8221; custom_margin=&#8221;||||false|false&#8221; custom_padding=&#8221;40px|0px|40px|0px|false|false&#8221; locked=&#8221;off&#8221; global_colors_info=&#8221;{}&#8221; theme_builder_area=&#8221;post_content&#8221;][et_pb_row _builder_version=&#8221;4.16&#8243; global_colors_info=&#8221;{}&#8221; theme_builder_area=&#8221;post_content&#8221;][et_pb_column type=&#8221;4_4&#8243; _builder_version=&#8221;4.16&#8243; custom_padding=&#8221;|||&#8221; global_colors_info=&#8221;{}&#8221; custom_padding__hover=&#8221;|||&#8221; theme_builder_area=&#8221;post_content&#8221;][et_pb_heading title=&#8221;Laicos Josefinos&#8221; _builder_version=&#8221;4.27.0&#8243; _module_preset=&#8221;default&#8221; title_font=&#8221;&#8211;et_global_body_font|600|on|on|||||&#8221; title_text_color=&#8221;#FFFFFF&#8221; title_font_size=&#8221;32px&#8221; hover_enabled=&#8221;0&#8243; global_colors_info=&#8221;{}&#8221; theme_builder_area=&#8221;post_content&#8221; sticky_enabled=&#8221;0&#8243;][\/et_pb_heading][et_pb_heading title=&#8221;Vivimos y difundimos el legado del Padre Eladio&#8221; _builder_version=&#8221;4.27.0&#8243; _module_preset=&#8221;default&#8221; title_level=&#8221;h4&#8243; title_font=&#8221;&#8211;et_global_body_font|300|on|on|||||&#8221; title_text_color=&#8221;#FFFFFF&#8221; title_font_size=&#8221;24px&#8221; hover_enabled=&#8221;0&#8243; global_colors_info=&#8221;{}&#8221; theme_builder_area=&#8221;post_content&#8221; sticky_enabled=&#8221;0&#8243;][\/et_pb_heading][\/et_pb_column][\/et_pb_row][\/et_pb_section][et_pb_section fb_built=&#8221;1&#8243; _builder_version=&#8221;4.27.0&#8243; _module_preset=&#8221;default&#8221; global_colors_info=&#8221;{}&#8221; theme_builder_area=&#8221;post_content&#8221;][et_pb_row column_structure=&#8221;2_5,3_5&#8243; use_custom_gutter=&#8221;on&#8221; gutter_width=&#8221;4&#8243; _builder_version=&#8221;4.27.0&#8243; _module_preset=&#8221;default&#8221; global_colors_info=&#8221;{}&#8221; theme_builder_area=&#8221;post_content&#8221;][et_pb_column type=&#8221;2_5&#8243; _builder_version=&#8221;4.27.0&#8243; _module_preset=&#8221;default&#8221; global_colors_info=&#8221;{}&#8221; theme_builder_area=&#8221;post_content&#8221;][et_pb_image src=&#8221;http:\/\/45.236.165.191\/~colegio1\/2025\/wp-content\/uploads\/2019\/02\/17.png&#8221; _builder_version=&#8221;4.27.0&#8243; _module_preset=&#8221;default&#8221; hover_enabled=&#8221;0&#8243; global_colors_info=&#8221;{}&#8221; theme_builder_area=&#8221;post_content&#8221; title_text=&#8221;17&#8243; sticky_enabled=&#8221;0&#8243;][\/et_pb_image][\/et_pb_column][et_pb_column type=&#8221;3_5&#8243; _builder_version=&#8221;4.27.0&#8243; _module_preset=&#8221;default&#8221; global_colors_info=&#8221;{}&#8221; theme_builder_area=&#8221;post_content&#8221;][et_pb_text admin_label=&#8221;Text&#8221; _builder_version=&#8221;4.16&#8243; background_size=&#8221;initial&#8221; background_position=&#8221;top_left&#8221; background_repeat=&#8221;repeat&#8221; global_colors_info=&#8221;{}&#8221; theme_builder_area=&#8221;post_content&#8221;]<\/p>\n<p><span style=\"font-size: 14px;\">Nace el 19 de marzo de 1996 en la Festividad de San Jos\u00e9 y al inicio del a\u00f1o de la celebraci\u00f3n del centenario de la muerte del Padre Eladio Mozas Santamera.<\/span><\/p>\n<h5>En presencia de las religiosas del colegio; los padres y apoderados, profesores y alumnos durante la celebraci\u00f3n de la eucarist\u00eda se constituy\u00f3 el primer grupo de asociados a la familia Josefina Trinitaria.<\/h5>\n<h5>Como representantes en la iglesia local asistieron los sacerdotes: Juan Estrada, Guillermo Melero y Sergio Silva.<\/h5>\n<h5>Denominase \u201cFamilia Josefina Trinitaria\u201d, a un grupo de personas comprometidas con el Carisma, que se unen en torno al ideal formulado por el padre Eladio Mozas Santamera en su deseo de imitar de cerca a la Familia de Nazareth, el que tendr\u00e1 los siguientes objetivos:<\/h5>\n<ul>\n<li>\n<h5>\u00a0\u00a0\u00a0 Vivir la Espiritualidad del Padre Eladio, en un clima de oraci\u00f3n continua.<\/h5>\n<\/li>\n<li>\n<h5>\u00a0\u00a0\u00a0 Difundir su vida y obra.<\/h5>\n<\/li>\n<li>\n<h5>\u00a0\u00a0\u00a0 Cultivar la uni\u00f3n y el amor dentro de la familia.<\/h5>\n<\/li>\n<li>\n<h5>\u00a0\u00a0\u00a0 Crear un clima de familia en el Colegio y en la sociedad.<\/h5>\n<\/li>\n<li>\n<h5>\u00a0\u00a0\u00a0 Realizar y estimular el trabajo , con actitud de servicio y superaci\u00f3n constante y<\/h5>\n<\/li>\n<li>\n<h5>\u00a0\u00a0\u00a0 Todo lo anterior con un trato amable y acogedor para los dem\u00e1s.<\/h5>\n<\/li>\n<\/ul>\n<p>[\/et_pb_text][\/et_pb_column][\/et_pb_row][\/et_pb_section]<\/p>\n","protected":false},"excerpt":{"rendered":"<p>Nace el 19 de marzo de 1996 en la Festividad de San Jos\u00e9 y al inicio del a\u00f1o de la celebraci\u00f3n del centenario de la muerte del Padre Eladio Mozas Santamera. En presencia de las religiosas del colegio; los padres y apoderados, profesores y alumnos durante la celebraci\u00f3n de la eucarist\u00eda se constituy\u00f3 el primer [&hellip;]<\/p>\n","protected":false},"author":1,"featured_media":1502,"parent":0,"menu_order":0,"comment_status":"open","ping_status":"open","template":"","meta":{"_et_pb_use_builder":"on","_et_pb_old_content":"<a href=\"http:\/\/www.colegiomariareina.cl\/web\/wp-content\/uploads\/2019\/02\/17.png\"><img class=\"aligncenter wp-image-12895\" src=\"http:\/\/www.colegiomariareina.cl\/web\/wp-content\/uploads\/2019\/02\/17.png\" alt=\"\" width=\"750\" height=\"361\" \/><\/a>\n\n<hr \/>\n\n<h5><\/h5>\n<h5>Nace el 19 de marzo de 1996 en la Festividad de San Jos\u00e9 y al inicio del a\u00f1o de la celebraci\u00f3n del centenario de la muerte del Padre Eladio Mozas Santamera.<\/h5>\n<h5>En presencia de las religiosas del colegio; los padres y apoderados, profesores y alumnos durante la celebraci\u00f3n de la eucarist\u00eda se constituy\u00f3 el primer grupo de asociados a la familia Josefina Trinitaria.<\/h5>\n<h5>Como representantes en la iglesia local asistieron los sacerdotes: Juan Estrada, Guillermo Melero y Sergio Silva.<\/h5>\n<h5>Denominase \u201cFamilia Josefina Trinitaria\u201d, a un grupo de personas comprometidas con el Carisma, que se unen en torno al ideal formulado por el padre Eladio Mozas Santamera en su deseo de imitar de cerca a la Familia de Nazareth, el que tendr\u00e1 los siguientes objetivos:<\/h5>\n<ul>\n \t<li>\n<h5>\u00a0\u00a0\u00a0 Vivir la Espiritualidad del Padre Eladio, en un clima de oraci\u00f3n continua.<\/h5>\n<\/li>\n \t<li>\n<h5>\u00a0\u00a0\u00a0 Difundir su vida y obra.<\/h5>\n<\/li>\n \t<li>\n<h5>\u00a0\u00a0\u00a0 Cultivar la uni\u00f3n y el amor dentro de la familia.<\/h5>\n<\/li>\n \t<li>\n<h5>\u00a0\u00a0\u00a0 Crear un clima de familia en el Colegio y en la sociedad.<\/h5>\n<\/li>\n \t<li>\n<h5>\u00a0\u00a0\u00a0 Realizar y estimular el trabajo , con actitud de servicio y superaci\u00f3n constante y<\/h5>\n<\/li>\n \t<li>\n<h5>\u00a0\u00a0\u00a0 Todo lo anterior con un trato amable y acogedor para los dem\u00e1s.<\/h5>\n<\/li>\n<\/ul>","_et_gb_content_width":"","footnotes":""},"class_list":["post-701","page","type-page","status-publish","has-post-thumbnail","hentry"],"_links":{"self":[{"href":"https:\/\/colegiomariareina.cl\/2025\/wp-json\/wp\/v2\/pages\/701","targetHints":{"allow":["GET"]}}],"collection":[{"href":"https:\/\/colegiomariareina.cl\/2025\/wp-json\/wp\/v2\/pages"}],"about":[{"href":"https:\/\/colegiomariareina.cl\/2025\/wp-json\/wp\/v2\/types\/page"}],"author":[{"embeddable":true,"href":"https:\/\/colegiomariareina.cl\/2025\/wp-json\/wp\/v2\/users\/1"}],"replies":[{"embeddable":true,"href":"https:\/\/colegiomariareina.cl\/2025\/wp-json\/wp\/v2\/comments?post=701"}],"version-history":[{"count":7,"href":"https:\/\/colegiomariareina.cl\/2025\/wp-json\/wp\/v2\/pages\/701\/revisions"}],"predecessor-version":[{"id":18269,"href":"https:\/\/colegiomariareina.cl\/2025\/wp-json\/wp\/v2\/pages\/701\/revisions\/18269"}],"wp:featuredmedia":[{"embeddable":true,"href":"https:\/\/colegiomariareina.cl\/2025\/wp-json\/"}],"wp:attachment":[{"href":"https:\/\/colegiomariareina.cl\/2025\/wp-json\/wp\/v2\/media?parent=701"}],"curies":[{"name":"wp","href":"https:\/\/api.w.org\/{rel}","templated":true}]}}